3*b. List the prime factors of b.
3
Suppose -3*x - 9 = -2*h, h + 4*x = -3*h - 12. Suppose h = -3*g + 3 + 9. Suppose -v - 4*c + 2 = -g*v, -4*v = 2*c - 34. List the prime factors of v.
2, 3
Suppose -3*r - 2*n = -1859, 324 = -5*r + 2*n + 3417. What are the prime factors of r?
619
Let d be (-1 - 35/25)*20/(-1). Suppose d = 3*i + 6. List the prime factors of i.
2, 7
Suppose 2*b + 3*j = 945, 0*j - 1915 = -4*b - j. Suppose -3*h - b = -8*h. Suppose 3*s = -3*o + h, s + 2*o - 4*o - 17 = 0. List the prime factors of s.
3
Let s(b) = 5*b**3 - 10*b**2 + 3*b - 8. Let f be s(4). Suppose -2*n = -f - 32. What are the prime factors of n?
2, 7
Let x(f) = f**3 - f**2 + 2*f - 2. Let g(h) = -h - 1. Let d(p) = -4*g(p) - x(p). What are the prime factors of d(-3)?
2, 3
Let n(r) = -1012*r - 11. What are the prime factors of n(-1)?
7, 11, 13
Let p(j) = -j**2 - 3*j - 2. Let t be p(-6). Let l = t - -107. List the prime factors of l.
3, 29
Let n = -133 + 310. List the prime factors of n.
3, 59
Suppose 0 = 3*m + 5*x - 475, 5*m + 3*x - 760 = x. What are the prime factors of m?
2, 3, 5
Let g(s) = s + 1. Let k be g(10). Let v be (k + -14)*2/(-6). Suppose 0 = -3*m + v + 80. List the prime factors of m.
3
Let d be (2/3)/((-12)/1278). Let z = d + 146. List the prime factors of z.
3, 5
List the prime factors of 2/((8/(-178))/(-4)).
2, 89
Let g = -25 - -53. Let r = -24 + g. What are the prime factors of r?
2
Let j(s) = 2*s**3 - 35*s**2 + 38*s + 23. List the prime factors of j(18).
1031
Let p(z) = -6*z - 3. Let a = 9 + -7. Let n be p(a). Let g = n + 17. List the prime factors of g.
2
Let g(p) = 9*p**2 + 4*p - 8. Let c be g(-4). Let d = 173 - c. What are the prime factors of d?
53
Let i = -779 - -970. List the prime factors of i.
191
Suppose k + 5*i - 2296 = 0, 4*k - 2*i - 3273 = 5911. What are the prime factors of k?
2, 7, 41
Let m = -109 - -272. Suppose -2*s + m + 61 = 0. List the prime factors of s.
2, 7
Let m(b) = -b**2 - 4*b + 11. Let w(s) = s**2 + 3*s - 11. Let c(y) = 5*m(y) + 6*w(y). What are the prime factors of c(9)?
2, 13
Let q(m) = -10*m + 6. Let y be q(-11). Let z = y + 145. List the prime factors of z.
3, 29
Let k(l) = -l**2 - 11*l + 3. Let i be k(-11). Suppose -i*d + 10 + 275 = 0. What are the prime factors of d?
5, 19
Suppose -4 = 2*u, -5*a + 4*u + 5609 = 7*u. What are the prime factors of a?
1123
Suppose -4*m + 2902 = 1070. What are the prime factors of m?
2, 229
Suppose 702*f = 706*f - 3220. What are the prime factors of f?
5, 7, 23
Let z(s) be the third derivative of 13/6*s**3 - 5*s**2 + 0*s - 1/24*s**4 + 0. List the prime factors of z(0).
13
Let q be (2/6)/(3/72). Let m(j) = -5 + q*j + j**2 + 5 - 2*j**2. What are the prime factors of m(6)?
2, 3
Suppose -18*v = -17*v - 336. What are the prime factors of v?
2, 3, 7
Suppose -2*d + 6*g - g - 14 = 0, 0 = 2*d + 2*g. List the prime factors of (-4 + 3)/(d/96).
2, 3
Suppose 12*f - 6*f - 4092 = 0. List the prime factors of f.
2, 11, 31
Suppose 8*k = 7*k - 94. Let x = k - -150. List the prime factors of x.
2, 7
Let s(v) = -66*v - 6. Let c be s(-5). Let n be c/6 + (1 - 0). Suppose -d + 5*y - 11 = 4, 4*d - n = -3*y. What are the prime factors of d?
2, 5
What are the prime factors of ((-5068)/42)/(2/(-6))?
2, 181
Let p be (-1)/(-2)*((-1 - 4) + 5). Suppose p = -5*q - 205 + 915. List the prime factors of q.
2, 71
Let h = -43 + 79. Let l = h - -14. What are the prime factors of l?
2, 5
Let o = 117 + -114. What are the prime factors of o/(3 + 570/(-191))?
191
Let f = -16 - -33. Suppose -5*s = 4*b - 299, f - 5 = -3*b. What are the prime factors of s?
3, 7
What are the prime factors of 17*22/187 - (-1 + -1930)?
1933
Let l(y) = 15*y - 4. Suppose 2 = -f - 4. Let o be l(f). Let x = -57 - o. List the prime factors of x.
37
Suppose z = -4*h + 1244, 17*z - 2463 = 15*z - 3*h. List the prime factors of z.
2, 3, 17
Suppose -n - 5 = -4*l - 2*n, -l = -2*n - 8. Suppose 7*c = -3*x + l*c + 254, 5*x - 411 = 4*c. What are the prime factors of x?
83
Suppose v - 4*c - 2047 = 0, 3*v - 4178 - 1963 = -3*c. What are the prime factors of v?
23, 89
Let m(l) = -229*l + 6. What are the prime factors of m(-4)?
2, 461
Suppose 2*v - 137 - 17 = 0. Suppose 5*a - 6*a + v = 0. List the prime factors of a.
7, 11
Suppose -14 = f - 10. Let i be (-2 + f)/2 + 19. Let a = 0 + i. List the prime factors of a.
2
Let h(d) = -3*d - 12. Let l be h(-6). Let k(z) = -4 + 6 + l + 3*z. List the prime factors of k(8).
2
Suppose -a + k + 12 = 2*a, -3*a + 12 = 5*k. Suppose a*p - f - 141 = 0, 93 = 3*p + 2*f - 7*f. What are the prime factors of p?
2, 3
Let b(m) = -2*m**3 - 2*m**2 + m. Let y be b(-2). Suppose 3*t - 3 = y. Suppose -5*n + 115 = -t*z, -n - 2*z + 8 = -28. What are the prime factors of n?
2, 13
Let j(l) be the first derivative of 55*l**3/3 - 3*l**2/2 + 2*l + 6. List the prime factors of j(1).
2, 3
Let o(x) = -15*x**2 + 6*x**2 + 10*x**2 + 7 - 5*x + 3*x. What are the prime factors of o(-3)?
2, 11
Let s be (-8)/(-14)*28/8. Let v = s - -1. Suppose -d + v*f = -34, 8*f + 44 = d + 3*f. What are the prime factors of d?
19
Suppose -10*i - 331 = -11621. List the prime factors of i.
1129
Suppose -d + 7 = 3*z, d - 5*d - 8 = 3*z. Suppose 5*r - 18 + 3 = 0. Suppose y - 2*i = -z*i + 12, y + r*i - 9 = 0. List the prime factors of y.
2, 3
Let x = 2333 + -1277. List the prime factors of x.
2, 3, 11
Suppose -4*k + 10 = -6*k. Let y be -21*5*(-1)/k. List the prime factors of 2/(-3) + (-1673)/y.
79
List the prime factors of 1/(2/1050) - (-280)/70.
23
Let m(g) = g**3 - 14*g**2 - 15*g + 2. Let x be m(15). Suppose -x*h - 99 = -5*h. List the prime factors of h.
3, 11
Let j = 49 + -47. What are the prime factors of 11 + -4 + j + 4?
13
Suppose 0 = -5*i + 2*h + 10715, i + 8570 = 5*i - 2*h. Suppose 747 - i = -6*c. What are the prime factors of c?
233
Let s be 6/2 + 3/(-3). Let o = -17 - -32. What are the prime factors of (o/6 - 0)*s?
5
Let w = 4 + 0. Let x = 54 - 57. What are the prime factors of x - (-17 + -3)/w?
2
What are the prime factors of (-230)/(-92)*4038*4/10?
2, 3, 673
Let x be 2*(-1815)/20*(0 + 2). Let f = x + 659. List the prime factors of f.
2, 37
Suppose -3*h = -0*h - 2*k + 8, 12 = 3*h + 3*k. Suppose -4*o = -5*c + 510 + 434, h = 5*c + o - 939. What are the prime factors of c?
2, 47
What are the prime factors of (2936/(-16))/((-5)/10)?
367
Suppose -3*y = y - 3008. List the prime factors of y.
2, 47
Let d be 7*(-1 + (4 - 1)). Let f be (16/14 + 0)*7. Let x = d - f. What are the prime factors of x?
2, 3
Suppose 18*b - 966 = 11*b. Let z = b + -50. What are the prime factors of z?
2, 11
Let r(c) = 3 + 17*c - 9 + 4. Let x be r(-2). Let g = 50 + x. What are the prime factors of g?
2, 7
Let j(i) = i**3 - 7*i**2 + i - 3. Let a be j(7). Suppose -a*x + 15 + 45 = 0. What are the prime factors of x?
3, 5
Suppose 231 = 10*u - 729. Let f = 173 + -121. Let c = u - f. What are the prime factors of c?
2, 11
Let y = -141 + 322. What are the prime factors of y?
181
Suppose 3*i - 7*i = -396. List the prime factors of 513/i + 2/(-11).
5
Suppose 1105 = 4*a - k, -a + 292 = -4*k + 12. Suppose g - 6*s + s - 48 = 0, s = -4*g + a. What are the prime factors of g?
2, 17
Let h(c) = 259*c + 6. What are the prime factors of h(1)?
5, 53
Let z = 2933 + -1958. What are the prime factors of z?
3, 5, 13
Let x be 5/((-3)/(-3))*(-10)/(-25). Suppose -64 = -x*l + l. List the prime factors of l.
2
Suppose 6*f = 4*f + 294. What are the prime factors of f?
3, 7
Suppose 0*a - 24 = -3*a. List the prime factors of (11 - -1)*18/a.
3
Let a(r) = -58*r**3 + 3*r**2 - 17*r - 22. List the prime factors of a(-4).
2, 11, 173
Let c(w) = -w**3 - 44*w**2 + 43*w + 10. List the prime factors of c(-45).
2, 5
Suppose x - 5 = -0*x. Suppose -20 = x*w, 2*w + 47 = 5*o - w. What are the prime factors of o?
7
Let h = 387 - -266. What are the prime factors of h?
653
Let n(p) = 8*p**2 + 6*p + 16. Let d be n(-5). Let x = d - -46. List the prime factors of x.
2, 29
What are the prime factors of (-7*2)/(3 - 826/274)?
7, 137
Suppose 0 = -5*n - 2*o + 3*o + 15, 4*n - 4*o = -4. Let i(k) = -4*k**3 + 6*k**2 - 6*k + 5. Let b be i(n). List the prime factors of (-2)/8*(b + -9).
47
Suppose -2*x = -x - l + 3, -x - 2*l + 12 = 0. Let d be (3/x)/(2/(-132)). Let s = d + 149. What are the prime factors of s?
2, 5
Let w(f) = 14*f**2 - 13*f + 20. What are the prime factors of w(4)?